{"id":77,"date":"2018-10-25T15:45:13","date_gmt":"2018-10-25T13:45:13","guid":{"rendered":"http:\/\/kuzniaostrow.pl\/?page_id=77"},"modified":"2019-01-28T15:33:41","modified_gmt":"2019-01-28T14:33:41","slug":"opis-firmy-2","status":"publish","type":"page","link":"https:\/\/kuzniaostrow.pl\/index.php\/opis-firmy-2\/","title":{"rendered":"Opis firmy"},"content":{"rendered":"<p><img loading=\"lazy\" decoding=\"async\" class=\"size-full wp-image-253 alignleft\" src=\"http:\/\/kuzniaostrow.pl\/wp-content\/uploads\/2018\/12\/kow-z-gory.png\" alt=\"\" width=\"246\" height=\"179\">Ku\u017ania Ostr\u00f3w Wielkopolski Sp. z o.o. oferuje szerok\u0105 gam\u0119 stalowych odkuwek matrycowych o masie 0,5-60 kg oraz odkuwek swobodnych do 1 tony.<\/p>\n<p>Jeste\u015bmy wiod\u0105cym producentem podzespo\u0142\u00f3w i komponent\u00f3w do pojazd\u00f3w szynowych takich jak sprz\u0119gi \u015brubowe, haki ci\u0119g\u0142owe, ci\u0119g\u0142a wid\u0142owe, urz\u0105dzenia ci\u0119g\u0142owe oraz tr\u00f3jk\u0105ty hamulcowe i in.<\/p>\n<p>Ponadto oferujemy naszym klientom us\u0142ugi naprawy i regeneracji komponent\u00f3w pojazd\u00f3w szynowych takich jak resory pi\u00f3rowe, sprz\u0119gi \u015brubowe, haki ci\u0119g\u0142owe i in.<\/p>\n<p>Wieloletnie do\u015bwiadczenie w bran\u017cy, szerokie wyposa\u017cenie techniczne oraz wykwalifikowana za\u0142oga gwarantuj\u0105 naszym klientom najwy\u017csz\u0105 jako\u015b\u0107 produkt\u00f3w i us\u0142ug oraz kompleksow\u0105 obs\u0142ug\u0119.<\/p>\n","protected":false},"excerpt":{"rendered":"<p>Ku\u017ania Ostr\u00f3w Wielkopolski Sp. z o.o. oferuje szerok\u0105 gam\u0119 stalowych odkuwek matrycowych o masie 0,5-60 kg oraz odkuwek swobodnych do 1 tony. Jeste\u015bmy wiod\u0105cym producentem podzespo\u0142\u00f3w i komponent\u00f3w do pojazd\u00f3w szynowych takich jak sprz\u0119gi \u015brubowe, haki ci\u0119g\u0142owe, ci\u0119g\u0142a wid\u0142owe, urz\u0105dzenia ci\u0119g\u0142owe oraz tr\u00f3jk\u0105ty hamulcowe i in. Ponadto oferujemy naszym klientom us\u0142ugi naprawy i regeneracji komponent\u00f3w pojazd\u00f3w szynowych takich jak resory pi\u00f3rowe, sprz\u0119gi \u015brubowe, haki ci\u0119g\u0142owe i in. Wieloletnie do\u015bwiadczenie w bran\u017cy, szerokie wyposa\u017cenie techniczne oraz wykwalifikowana za\u0142oga gwarantuj\u0105 naszym klientom najwy\u017csz\u0105 jako\u015b\u0107 produkt\u00f3w i us\u0142ug oraz kompleksow\u0105 obs\u0142ug\u0119.<\/p>\n","protected":false},"author":1,"featured_media":0,"parent":0,"menu_order":0,"comment_status":"closed","ping_status":"closed","template":"","meta":{"ngg_post_thumbnail":0,"footnotes":""},"categories":[30],"tags":[],"class_list":["post-77","page","type-page","status-publish","hentry","category-o-nas"],"yoast_head":"<!-- This site is optimized with the Yoast SEO plugin v26.9 - https:\/\/yoast.com\/product\/yoast-seo-wordpress\/ -->\n<title>Opis firmy - Ku\u017ania Ostr\u00f3w Wielkopolski sp. z o.o.<\/title>\n<meta name=\"robots\" content=\"index, follow, max-snippet:-1, max-image-preview:large, max-video-preview:-1\" \/>\n<link rel=\"canonical\" href=\"https:\/\/kuzniaostrow.pl\/index.php\/opis-firmy-2\/\" \/>\n<meta property=\"og:locale\" content=\"pl_PL\" \/>\n<meta property=\"og:type\" content=\"article\" \/>\n<meta property=\"og:title\" content=\"Opis firmy - Ku\u017ania Ostr\u00f3w Wielkopolski sp. z o.o.\" \/>\n<meta property=\"og:description\" content=\"Ku\u017ania Ostr\u00f3w Wielkopolski Sp. z o.o. oferuje szerok\u0105 gam\u0119 stalowych odkuwek matrycowych o masie 0,5-60 kg oraz odkuwek swobodnych do 1 tony. Jeste\u015bmy wiod\u0105cym producentem podzespo\u0142\u00f3w i komponent\u00f3w do pojazd\u00f3w szynowych takich jak sprz\u0119gi \u015brubowe, haki ci\u0119g\u0142owe, ci\u0119g\u0142a wid\u0142owe, urz\u0105dzenia ci\u0119g\u0142owe oraz tr\u00f3jk\u0105ty hamulcowe i in. Ponadto oferujemy naszym klientom us\u0142ugi naprawy i regeneracji komponent\u00f3w pojazd\u00f3w szynowych takich jak resory pi\u00f3rowe, sprz\u0119gi \u015brubowe, haki ci\u0119g\u0142owe i in. Wieloletnie do\u015bwiadczenie w bran\u017cy, szerokie wyposa\u017cenie techniczne oraz wykwalifikowana za\u0142oga gwarantuj\u0105 naszym klientom najwy\u017csz\u0105 jako\u015b\u0107 produkt\u00f3w i us\u0142ug oraz kompleksow\u0105 obs\u0142ug\u0119.\" \/>\n<meta property=\"og:url\" content=\"https:\/\/kuzniaostrow.pl\/index.php\/opis-firmy-2\/\" \/>\n<meta property=\"og:site_name\" content=\"Ku\u017ania Ostr\u00f3w Wielkopolski sp. z o.o.\" \/>\n<meta property=\"article:publisher\" content=\"https:\/\/www.facebook.com\/Ku%c5%bania-Ostr%c3%b3w-Wielkopolski-596813284073664\/\" \/>\n<meta property=\"article:modified_time\" content=\"2019-01-28T14:33:41+00:00\" \/>\n<meta property=\"og:image\" content=\"http:\/\/kuzniaostrow.pl\/wp-content\/uploads\/2018\/12\/kow-z-gory.png\" \/>\n<meta name=\"twitter:card\" content=\"summary_large_image\" \/>\n<meta name=\"twitter:label1\" content=\"Szacowany czas czytania\" \/>\n\t<meta name=\"twitter:data1\" content=\"1 minuta\" \/>\n<script type=\"application\/ld+json\" class=\"yoast-schema-graph\">{\"@context\":\"https:\/\/schema.org\",\"@graph\":[{\"@type\":\"WebPage\",\"@id\":\"https:\/\/kuzniaostrow.pl\/index.php\/opis-firmy-2\/\",\"url\":\"https:\/\/kuzniaostrow.pl\/index.php\/opis-firmy-2\/\",\"name\":\"Opis firmy - Ku\u017ania Ostr\u00f3w Wielkopolski sp. z o.o.\",\"isPartOf\":{\"@id\":\"https:\/\/kuzniaostrow.pl\/#website\"},\"primaryImageOfPage\":{\"@id\":\"https:\/\/kuzniaostrow.pl\/index.php\/opis-firmy-2\/#primaryimage\"},\"image\":{\"@id\":\"https:\/\/kuzniaostrow.pl\/index.php\/opis-firmy-2\/#primaryimage\"},\"thumbnailUrl\":\"http:\/\/kuzniaostrow.pl\/wp-content\/uploads\/2018\/12\/kow-z-gory.png\",\"datePublished\":\"2018-10-25T13:45:13+00:00\",\"dateModified\":\"2019-01-28T14:33:41+00:00\",\"breadcrumb\":{\"@id\":\"https:\/\/kuzniaostrow.pl\/index.php\/opis-firmy-2\/#breadcrumb\"},\"inLanguage\":\"pl-PL\",\"potentialAction\":[{\"@type\":\"ReadAction\",\"target\":[\"https:\/\/kuzniaostrow.pl\/index.php\/opis-firmy-2\/\"]}]},{\"@type\":\"ImageObject\",\"inLanguage\":\"pl-PL\",\"@id\":\"https:\/\/kuzniaostrow.pl\/index.php\/opis-firmy-2\/#primaryimage\",\"url\":\"https:\/\/kuzniaostrow.pl\/wp-content\/uploads\/2018\/12\/kow-z-gory.png\",\"contentUrl\":\"https:\/\/kuzniaostrow.pl\/wp-content\/uploads\/2018\/12\/kow-z-gory.png\",\"width\":246,\"height\":179},{\"@type\":\"BreadcrumbList\",\"@id\":\"https:\/\/kuzniaostrow.pl\/index.php\/opis-firmy-2\/#breadcrumb\",\"itemListElement\":[{\"@type\":\"ListItem\",\"position\":1,\"name\":\"Strona g\u0142\u00f3wna\",\"item\":\"https:\/\/kuzniaostrow.pl\/\"},{\"@type\":\"ListItem\",\"position\":2,\"name\":\"Opis firmy\"}]},{\"@type\":\"WebSite\",\"@id\":\"https:\/\/kuzniaostrow.pl\/#website\",\"url\":\"https:\/\/kuzniaostrow.pl\/\",\"name\":\"Ku\u017ania Ostr\u00f3w Wielkopolski sp. z o.o.\",\"description\":\"producent wyrob\u00f3w kutych\",\"publisher\":{\"@id\":\"https:\/\/kuzniaostrow.pl\/#organization\"},\"potentialAction\":[{\"@type\":\"SearchAction\",\"target\":{\"@type\":\"EntryPoint\",\"urlTemplate\":\"https:\/\/kuzniaostrow.pl\/?s={search_term_string}\"},\"query-input\":{\"@type\":\"PropertyValueSpecification\",\"valueRequired\":true,\"valueName\":\"search_term_string\"}}],\"inLanguage\":\"pl-PL\"},{\"@type\":\"Organization\",\"@id\":\"https:\/\/kuzniaostrow.pl\/#organization\",\"name\":\"Ku\u017ania Ostr\u00f3w Wielkopolski sp. z o.o.\",\"url\":\"https:\/\/kuzniaostrow.pl\/\",\"logo\":{\"@type\":\"ImageObject\",\"inLanguage\":\"pl-PL\",\"@id\":\"https:\/\/kuzniaostrow.pl\/#\/schema\/logo\/image\/\",\"url\":\"https:\/\/kuzniaostrow.pl\/wp-content\/uploads\/2018\/12\/kowwplogo.png\",\"contentUrl\":\"https:\/\/kuzniaostrow.pl\/wp-content\/uploads\/2018\/12\/kowwplogo.png\",\"width\":512,\"height\":110,\"caption\":\"Ku\u017ania Ostr\u00f3w Wielkopolski sp. z o.o.\"},\"image\":{\"@id\":\"https:\/\/kuzniaostrow.pl\/#\/schema\/logo\/image\/\"},\"sameAs\":[\"https:\/\/www.facebook.com\/Ku\u017ania-Ostr\u00f3w-Wielkopolski-596813284073664\/\"]}]}<\/script>\n<!-- \/ Yoast SEO plugin. -->","yoast_head_json":{"title":"Opis firmy - Ku\u017ania Ostr\u00f3w Wielkopolski sp. z o.o.","robots":{"index":"index","follow":"follow","max-snippet":"max-snippet:-1","max-image-preview":"max-image-preview:large","max-video-preview":"max-video-preview:-1"},"canonical":"https:\/\/kuzniaostrow.pl\/index.php\/opis-firmy-2\/","og_locale":"pl_PL","og_type":"article","og_title":"Opis firmy - Ku\u017ania Ostr\u00f3w Wielkopolski sp. z o.o.","og_description":"Ku\u017ania Ostr\u00f3w Wielkopolski Sp. z o.o. oferuje szerok\u0105 gam\u0119 stalowych odkuwek matrycowych o masie 0,5-60 kg oraz odkuwek swobodnych do 1 tony. Jeste\u015bmy wiod\u0105cym producentem podzespo\u0142\u00f3w i komponent\u00f3w do pojazd\u00f3w szynowych takich jak sprz\u0119gi \u015brubowe, haki ci\u0119g\u0142owe, ci\u0119g\u0142a wid\u0142owe, urz\u0105dzenia ci\u0119g\u0142owe oraz tr\u00f3jk\u0105ty hamulcowe i in. Ponadto oferujemy naszym klientom us\u0142ugi naprawy i regeneracji komponent\u00f3w pojazd\u00f3w szynowych takich jak resory pi\u00f3rowe, sprz\u0119gi \u015brubowe, haki ci\u0119g\u0142owe i in. Wieloletnie do\u015bwiadczenie w bran\u017cy, szerokie wyposa\u017cenie techniczne oraz wykwalifikowana za\u0142oga gwarantuj\u0105 naszym klientom najwy\u017csz\u0105 jako\u015b\u0107 produkt\u00f3w i us\u0142ug oraz kompleksow\u0105 obs\u0142ug\u0119.","og_url":"https:\/\/kuzniaostrow.pl\/index.php\/opis-firmy-2\/","og_site_name":"Ku\u017ania Ostr\u00f3w Wielkopolski sp. z o.o.","article_publisher":"https:\/\/www.facebook.com\/Ku%c5%bania-Ostr%c3%b3w-Wielkopolski-596813284073664\/","article_modified_time":"2019-01-28T14:33:41+00:00","og_image":[{"url":"http:\/\/kuzniaostrow.pl\/wp-content\/uploads\/2018\/12\/kow-z-gory.png","type":"","width":"","height":""}],"twitter_card":"summary_large_image","twitter_misc":{"Szacowany czas czytania":"1 minuta"},"schema":{"@context":"https:\/\/schema.org","@graph":[{"@type":"WebPage","@id":"https:\/\/kuzniaostrow.pl\/index.php\/opis-firmy-2\/","url":"https:\/\/kuzniaostrow.pl\/index.php\/opis-firmy-2\/","name":"Opis firmy - Ku\u017ania Ostr\u00f3w Wielkopolski sp. z o.o.","isPartOf":{"@id":"https:\/\/kuzniaostrow.pl\/#website"},"primaryImageOfPage":{"@id":"https:\/\/kuzniaostrow.pl\/index.php\/opis-firmy-2\/#primaryimage"},"image":{"@id":"https:\/\/kuzniaostrow.pl\/index.php\/opis-firmy-2\/#primaryimage"},"thumbnailUrl":"http:\/\/kuzniaostrow.pl\/wp-content\/uploads\/2018\/12\/kow-z-gory.png","datePublished":"2018-10-25T13:45:13+00:00","dateModified":"2019-01-28T14:33:41+00:00","breadcrumb":{"@id":"https:\/\/kuzniaostrow.pl\/index.php\/opis-firmy-2\/#breadcrumb"},"inLanguage":"pl-PL","potentialAction":[{"@type":"ReadAction","target":["https:\/\/kuzniaostrow.pl\/index.php\/opis-firmy-2\/"]}]},{"@type":"ImageObject","inLanguage":"pl-PL","@id":"https:\/\/kuzniaostrow.pl\/index.php\/opis-firmy-2\/#primaryimage","url":"https:\/\/kuzniaostrow.pl\/wp-content\/uploads\/2018\/12\/kow-z-gory.png","contentUrl":"https:\/\/kuzniaostrow.pl\/wp-content\/uploads\/2018\/12\/kow-z-gory.png","width":246,"height":179},{"@type":"BreadcrumbList","@id":"https:\/\/kuzniaostrow.pl\/index.php\/opis-firmy-2\/#breadcrumb","itemListElement":[{"@type":"ListItem","position":1,"name":"Strona g\u0142\u00f3wna","item":"https:\/\/kuzniaostrow.pl\/"},{"@type":"ListItem","position":2,"name":"Opis firmy"}]},{"@type":"WebSite","@id":"https:\/\/kuzniaostrow.pl\/#website","url":"https:\/\/kuzniaostrow.pl\/","name":"Ku\u017ania Ostr\u00f3w Wielkopolski sp. z o.o.","description":"producent wyrob\u00f3w kutych","publisher":{"@id":"https:\/\/kuzniaostrow.pl\/#organization"},"potentialAction":[{"@type":"SearchAction","target":{"@type":"EntryPoint","urlTemplate":"https:\/\/kuzniaostrow.pl\/?s={search_term_string}"},"query-input":{"@type":"PropertyValueSpecification","valueRequired":true,"valueName":"search_term_string"}}],"inLanguage":"pl-PL"},{"@type":"Organization","@id":"https:\/\/kuzniaostrow.pl\/#organization","name":"Ku\u017ania Ostr\u00f3w Wielkopolski sp. z o.o.","url":"https:\/\/kuzniaostrow.pl\/","logo":{"@type":"ImageObject","inLanguage":"pl-PL","@id":"https:\/\/kuzniaostrow.pl\/#\/schema\/logo\/image\/","url":"https:\/\/kuzniaostrow.pl\/wp-content\/uploads\/2018\/12\/kowwplogo.png","contentUrl":"https:\/\/kuzniaostrow.pl\/wp-content\/uploads\/2018\/12\/kowwplogo.png","width":512,"height":110,"caption":"Ku\u017ania Ostr\u00f3w Wielkopolski sp. z o.o."},"image":{"@id":"https:\/\/kuzniaostrow.pl\/#\/schema\/logo\/image\/"},"sameAs":["https:\/\/www.facebook.com\/Ku\u017ania-Ostr\u00f3w-Wielkopolski-596813284073664\/"]}]}},"_links":{"self":[{"href":"https:\/\/kuzniaostrow.pl\/index.php\/wp-json\/wp\/v2\/pages\/77","targetHints":{"allow":["GET"]}}],"collection":[{"href":"https:\/\/kuzniaostrow.pl\/index.php\/wp-json\/wp\/v2\/pages"}],"about":[{"href":"https:\/\/kuzniaostrow.pl\/index.php\/wp-json\/wp\/v2\/types\/page"}],"author":[{"embeddable":true,"href":"https:\/\/kuzniaostrow.pl\/index.php\/wp-json\/wp\/v2\/users\/1"}],"replies":[{"embeddable":true,"href":"https:\/\/kuzniaostrow.pl\/index.php\/wp-json\/wp\/v2\/comments?post=77"}],"version-history":[{"count":6,"href":"https:\/\/kuzniaostrow.pl\/index.php\/wp-json\/wp\/v2\/pages\/77\/revisions"}],"predecessor-version":[{"id":473,"href":"https:\/\/kuzniaostrow.pl\/index.php\/wp-json\/wp\/v2\/pages\/77\/revisions\/473"}],"wp:attachment":[{"href":"https:\/\/kuzniaostrow.pl\/index.php\/wp-json\/wp\/v2\/media?parent=77"}],"wp:term":[{"taxonomy":"category","embeddable":true,"href":"https:\/\/kuzniaostrow.pl\/index.php\/wp-json\/wp\/v2\/categories?post=77"},{"taxonomy":"post_tag","embeddable":true,"href":"https:\/\/kuzniaostrow.pl\/index.php\/wp-json\/wp\/v2\/tags?post=77"}],"curies":[{"name":"wp","href":"https:\/\/api.w.org\/{rel}","templated":true}]}}